a, 0 = -5*b - 2 - 3. Let z(g) = 1 + 5*g - g**3 + 0*g**2 + 3 - 4*g**a. Let q(c) = c**3 - 6*c**2 - 5*c - 19. Let y be q(7). Give z(y).
4
Suppose 1 = 2*h + 17. Let f(w) = -4*w + 3. Let p be (6/(-7))/(26/(-91))*-1. Let g(z) = 11*z - 9. Let k(n) = h*f(n) + p*g(n). Calculate k(-6).
9
Let i = 1 - -1. Let c(t) be the third derivative of 0*t**3 + 1/8*t**4 + 0*t + 13*t**2 + 0 - 1/30*t**5. What is c(i)?
-2
Let g(i) = i**2 - 2*i - 1. Let j(o) = -5*o**2 - 2*o - 14. Let a(q) = q**3 + q - 1. Let m(u) = a(u) - j(u). Let p be m(-5). Give g(p).
7
Let d = -7 - -7. Let s(q) = 2*q + 0*q + q + d*q + 1. Determine s(-5).
-14
Let g = -5 - -5. Let w be 2 - g*(-2)/4. Let r(a) = 6*a**2 - 2*a - 1. Let m(k) = 14*k**2 - 3*k - 4. Let u(h) = 2*m(h) - 5*r(h). What is u(w)?
-3
Let b be -4 - 1/(-3)*(36 + 3). Let z(k) = 2*k**3 + 27*k**2 + 7*k - 9. Let l(r) = r**3 + 13*r**2 + 3*r - 5. Let t(j) = b*l(j) - 4*z(j). What is t(-9)?
0
Let j(f) = 37*f**2 - 24*f + 15. Let w(t) = t**3 + 75*t**2 - 51*t + 30. Let y(x) = -5*j(x) + 2*w(x). Determine y(17).
2
Let o(h) = -h**3 + 2*h**2 - 2*h - 1. Let q(y) = -y**3 + 21*y**2 - 17*y**2 - 5 + 0. Let p be q(2). Determine o(p).
-16
Let s(r) be the third derivative of 0 - 1/60*r**5 + 0*r - 1/3*r**3 + 30*r**2 + 5/24*r**4. Suppose -5*t + 2*x = -0*t - 13, -t = -2*x - 1. What is s(t)?
4
Let w = -11 + 15. Suppose -3*q = -w*q - 1. Let g be (-12)/(-24)*8/q. Let y(o) = 4*o + 6. Calculate y(g).
-10
Let j be (36/(-8))/9*17*2. Let z = j + 16. Let a(m) = -4*m - 1. Calculate a(z).
3
Suppose -45*z - 45 = -0. Let v(c) = -3*c + 3. Calculate v(z).
6
Let y(o) be the first derivative of -2*o**2 - 35*o - 439. Calculate y(-9).
1
Let t = 87 - 80. Let b(n) = 0 + n - 3*n + n**3 + 5*n**2 - 2 - t*n**2. Calculate b(3).
1
Let l(j) = -17*j - 2. Let v(k) = -3*k - 1. Let s(c) = -l(c) + 6*v(c). Give s(0).
-4
Let w(u) = -6 + 0*u**2 - 3*u**2 + 9 + 3*u + 2*u**2 + 8. Determine w(5).
1
Let a(p) = 3*p**2 + p - 1. Let b = 201 - 204. Determine a(b).
23
Let m(d) = -6*d + 2*d + 6*d**2 - 5*d**2. Let a(q) be the third derivative of -q**5/60 - 13*q**4/24 - 7*q**3/6 + 4*q**2. Let y be a(-12). Give m(y).
5
Let x(k) = -13*k + 4. Let z(h) = -5 + 5 + 0*h - 2 + 7*h. Let t(f) = -3*x(f) - 5*z(f). Let y(a) = a - 1. Let c(s) = t(s) - 3*y(s). Give c(3).
4
Let b(o) = 3 - 3 + 3 + o + 1. Suppose 8*j - 6 = 6*j. Suppose 2 = -j*v - 13. Calculate b(v).
-1
Let j(p) be the first derivative of p**2 + 4. Suppose 0*v + 4*b - 16 = -4*v, 3*b = -2*v + 10. Calculate j(v).
4
Suppose o = -3*o + 16. Let k(r) = -4*r + 1. What is k(o)?
-15
Let q(y) be the first derivative of -5*y**2 + y + 1. Let o be (-1 + (-34)/(-6))/((-106)/(-795)). Let f = o - 34. Determine q(f).
-9
Let s(u) be the second derivative of 3*u + 0 - 7/24*u**4 + 1/60*u**5 + 1/6*u**3 + 0*u**2. Let n(v) be the second derivative of s(v). Give n(5).
3
Let p(l) = 16*l + 8 - 9 - 9. Let w be p(1). Let x(i) = -i**2 + 8*i - 6. Determine x(w).
6
Let x(z) be the third derivative of -z**8/6720 - z**7/630 + z**6/120 - z**5/40 + 3*z**4/8 - 2*z**2. Let m(n) be the second derivative of x(n). Determine m(-5).
-8
Suppose -g - 2*f = -5, 222*g + 5*f - 16 = 223*g. Let q(i) = -55*i**3 - 1. Calculate q(g).
54
Let j be (1 + (-268)/16)/(6/(-16)). Suppose 43*c - j*c = 3. Let x(i) = -i**2 + 3*i + 1. Give x(c).
1
Let o(v) = -16*v**3 + 5*v**2 + 11*v - 86. Let u(t) = 3*t**3 - t**2 - 2*t + 17. Let a(s) = -2*o(s) - 11*u(s). Give a(0).
-15
Let r(a) = 6452*a**3 - a**2 + 7 + 5*a**2 - 6451*a**3. Suppose 3*z = -4*l - 29, 3*l - z + 21 = -3*z. What is r(l)?
-18
Suppose -i + 3 = 4. Let n = 3 - i. Let v(g) = -1. Let d(l) = -l**2 + 3*l - 1. Let c(p) = d(p) + 3*v(p). Determine c(n).
-8
Let q = -28 + 30. Let t(x) = 2*x**2 + q*x - 3 + x**3 - 4*x - 3*x**2. Let k = 0 + -2. What is t(k)?
-11
Let k = 9 - 7. Let z(l) = l**3 - 4*l**2 + 2. Let t be z(k). Let f(n) = -n - 13. Let b(v) = 1. Let m(x) = -2*b(x) - f(x). Calculate m(t).
5
Let b(f) be the first derivative of f**2 + 1/4*f**4 - f + 0*f**3 + 44. What is b(2)?
11
Suppose -7*m - 9 = -44. Let p(l) = -1 - m*l + 5*l - l. Let v be 5*(-2)/(-10)*-4. Determine p(v).
3
Let q(a) = -a**2 - 41*a - 231. Let y be q(-34). Let v(p) = -2*p**2 + 9*p + 7. Determine v(y).
-28
Suppose 5*x - 106 = 34. Let p = 31 - x. Let h(d) = -d**3 + 3*d**2 + 2*d + 3. Give h(p).
9
Let t(h) be the first derivative of h**4/4 - 2*h**3/3 - h**2 + 3*h + 120. What is t(4)?
27
Let z(w) = 3*w**3 + 5*w**2 + 2*w + 2. Suppose -4*n - 20 - 3 = 5*s, -2*s = -n + 4. Determine z(n).
-6
Let j(f) = -6*f**2 - 2*f**2 + 3*f**2 - 13 + 6*f**2 + 4*f - 3*f**2. What is j(3)?
-19
Let r(a) = a - 1. Let h(m) = -3*m - 5. Suppose 18 = 4*w + 4*g - 6*g, 0 = w - 5*g. Suppose 0 = -w*z - 18 + 8. Let n(v) = z*r(v) - h(v). Give n(-4).
3
Let t(r) = -r**2 - 8*r + 15. Let v(n) = n**2 + 54*n + 463. Let l be v(-43). Determine t(l).
-5
Let r(p) = 0 + 0 + 109*p - 108*p + 6*p**2 + 0 - 1. Let l(b) = 2*b - b + 6 + 2. Let x be l(-7). Calculate r(x).
6
Let u(c) = -c + 3. Suppose -5 - 7 = 3*d. Let a be d/18 + (-376)/(-72). Suppose -4*r = a*s - 35, 4*s + r + 0*r = 17. Determine u(s).
0
Suppose 0 = -2*w - 4*f + 30, 12*w + 4*f - 23 = 11*w. Let r(s) = -5*s + 27. Determine r(w).
-8
Suppose 1 + 9 = 5*a. Let d be (a - -4)*3/3. Let j(h) = -d*h - h - 4 + 4*h - 2*h**2 + h**3. What is j(3)?
-4
Suppose b + 10 = -0*b. Let n be 4/b + 14/10. Let w(x) be the third derivative of -x**4/3 + x**3/6 - 6*x**2. What is w(n)?
-7
Let w(z) be the first derivative of z**5/120 - 5*z**4/24 + 2*z**3/3 + 9. Let d(r) be the third derivative of w(r). Give d(0).
-5
Let j be 2*((-17)/(-3))/((-26)/(-39)). Let z(g) = -18*g**2 + j*g**2 - g - 6 - 8*g. Calculate z(-8).
2
Suppose 0 = -4*y - y + 15. Let j(d) = 2*d**2 - 34 + 0*d**2 + 65 + 0*d - d - 32. Determine j(y).
14
Let q(w) = w + 3. Let p = -4 - -12. Let s(a) = a**3 - 9*a**2 + 11*a + 1. Let f be s(p). Suppose -n - 4*j = -4 + 1, 3*n - 5*j = -f. Give q(n).
-2
Let k(b) be the second derivative of -b**7/840 - b**6/40 - b**5/15 - b**4/12 - b**3/2 - 6*b. Let y(i) be the second derivative of k(i). Give y(-8).
-2
Let l = 985 - 992. Let x(k) = -k - 13. Calculate x(l).
-6
Let d(l) be the first derivative of 10*l**3/3 + l + 14. What is d(-1)?
11
Let u(f) be the first derivative of 5/2*f**2 - 2/3*f**3 + 7 - 3*f. Determine u(3).
-6
Let h(u) = -u**2 - 11*u - 10. Let s be h(-10). Let m(d) = s*d + 0*d - 8 - 1 - d. Let y = 61 + -67. What is m(y)?
-3
Suppose 2*l = 6*l - 12. Suppose l*p + p = p. Let q(x) = x**2 + 1. Give q(p).
1
Let g(r) be the second derivative of -1/2*r**2 - 1/2*r**4 - 24*r + 1/6*r**3 + 0. Give g(1).
-6
Let n(r) = -15*r**2 + 7. Let m(s) = 7*s**2 - 3. Let z(u) = 13*m(u) + 6*n(u). Let w = -1171 + 1168. Give z(w).
12
Suppose 0 = p + 5*j - 24, 5*j - 21 = -0*p - 4*p. Let y(c) = c - 11*c - 3*c - 7*c + 0*c. What is y(p)?
20
Let a(b) be the first derivative of 4*b**3/3 + b + 425. Give a(1).
5
Let d(s) be the third derivative of 7/24*s**4 + 1/120*s**6 + 3/2*s**3 + 0 - 14*s**2 - 2/15*s**5 + 0*s. Calculate d(7).
9
Let t(u) = 15*u + 27. Suppose 8*a - q - 35 = 3*a, -3*q = 15. Let o(x) = 7*x + 13. Let i(l) = a*t(l) - 13*o(l). Calculate i(-8).
1
Let l(s) be the first derivative of -s**5/60 + s**4/6 - 17*s**3/3 - s**2/2 - 21. Let f(i) be the third derivative of l(i). Let y = 16 + -10. Give f(y).
-8
Suppose -4*h = -2*w - 14, h = -4*w + 3*w - 4. Let t(z) be the third derivative of 11*z**5/30 + z**4/24 - z**3/6 - 4*z**2. Determine t(h).
22
Let r(u) = 5*u**3 - 4*u**2 - 9. Let m(y) = -2*y - 8*y**2 + 0 - 19 + 3*y - 2*y + 11*y**3. Let s(v) = -6*m(v) + 13*r(v). Give s(-5).
-8
Let x(u) = -15*u - 15. Let c be x(-1). Let r(y) = y + 13. Determine r(c).
13
Let r(q) = q**2 + 4*q + 1. Suppose f + i + 2 = -0, -15 = 4*f - 3*i. What is r(f)?
-2
Let i(w) = 6*w. Suppose -8*p = -17*p + 27. Let z(j) = -17*j - 1. Let a = 5 - -3. Let y(k) = a*i(k) + p*z(k). Give y(3).
-12
Suppose 2*m - 5*s = 6*m + 4, -4*s + 1 = -m. Let l be (-59 - m)/(-1 - 1). Let p(b) = -3 - l*b**2 - 3*b + 55*b**2 - 25*b**2. Determine p(3).
-3
Let a(b) = -b**2 - 11*b - 6. Let f be a(-10). Let x(l) = l + f*l - 3 - 6*l. Determine x(-3).
0
Let x be (50/15 + -4)*-3. Suppose 0*y = 2*c + 5*y - x, -y = 2. Let w(r) = -r**2 + 7*r - 6. Determine w(c).
0
Let z(r) = r**2 - 8*r + 10. Suppose 8*p = -c + 3*p + 25, 2*c = 4*p - 6. Determine z(c).
-5
Let d(p) = 80*p - 159*p - 2 + 78*p. Determine d(8).
-10
Let k(m) = 